hen 395 is divided by 136?
123
Calculate the remainder when 45 is divided by 31.
14
What is the remainder when 238 is divided by 49?
42
What is the remainder when 2489 is divided by 177?
11
Calculate the remainder when 2048 is divided by 12.
8
What is the remainder when 829 is divided by 64?
61
Calculate the remainder when 238 is divided by 30.
28
Calculate the remainder when 186 is divided by 181.
5
Calculate the remainder when 1189 is divided by 383.
40
What is the remainder when 988 is divided by 72?
52
What is the remainder when 206 is divided by 73?
60
What is the remainder when 225 is divided by 46?
41
Calculate the remainder when 34 is divided by 14.
6
What is the remainder when 2062 is divided by 26?
8
Calculate the remainder when 479 is divided by 16.
15
What is the remainder when 64 is divided by 40?
24
What is the remainder when 5117 is divided by 47?
41
Calculate the remainder when 8005 is divided by 45.
40
What is the remainder when 4160 is divided by 119?
114
What is the remainder when 589 is divided by 120?
109
Calculate the remainder when 272 is divided by 23.
19
Calculate the remainder when 417 is divided by 20.
17
Calculate the remainder when 303 is divided by 43.
2
What is the remainder when 487 is divided by 468?
19
What is the remainder when 153 is divided by 123?
30
What is the remainder when 394 is divided by 106?
76
What is the remainder when 72 is divided by 22?
6
What is the remainder when 367 is divided by 61?
1
Calculate the remainder when 19 is divided by 7.
5
What is the remainder when 2278 is divided by 30?
28
What is the remainder when 104 is divided by 6?
2
Calculate the remainder when 161 is divided by 28.
21
Calculate the remainder when 2183 is divided by 39.
38
Calculate the remainder when 197 is divided by 20.
17
What is the remainder when 133 is divided by 38?
19
Calculate the remainder when 2988 is divided by 594.
18
Calculate the remainder when 444 is divided by 218.
8
Calculate the remainder when 6046 is divided by 18.
16
What is the remainder when 148 is divided by 30?
28
What is the remainder when 156 is divided by 52?
0
Calculate the remainder when 122 is divided by 116.
6
Calculate the remainder when 23 is divided by 2.
1
Calculate the remainder when 136 is divided by 10.
6
Calculate the remainder when 85 is divided by 8.
5
What is the remainder when 111 is divided by 28?
27
What is the remainder when 172 is divided by 52?
16
What is the remainder when 158 is divided by 25?
8
What is the remainder when 375 is divided by 27?
24
What is the remainder when 84 is divided by 46?
38
Calculate the remainder when 32 is divided by 22.
10
What is the remainder when 226 is divided by 122?
104
Calculate the remainder when 18 is divided by 4.
2
What is the remainder when 930 is divided by 72?
66
Calculate the remainder when 392 is divided by 132.
128
Calculate the remainder when 57 is divided by 31.
26
What is the remainder when 108 is divided by 23?
16
What is the remainder when 922 is divided by 85?
72
What is the remainder when 10220 is divided by 142?
138
What is the remainder when 295 is divided by 102?
91
Calculate the remainder when 418 is divided by 85.
78
Calculate the remainder when 75 is divided by 6.
3
Calculate the remainder when 87 is divided by 24.
15
What is the remainder when 12 is divided by 12?
0
What is the remainder when 16079 is divided by 5357?
8
What is the remainder when 1539 is divided by 127?
15
What is the remainder when 1887 is divided by 18?
15
What is the remainder when 589 is divided by 181?
46
Calculate the remainder when 209 is divided by 106.
103
What is the remainder when 1075 is divided by 53?
15
Calculate the remainder when 119 is divided by 24.
23
What is the remainder when 93 is divided by 8?
5
Calculate the remainder when 3771 is divided by 930.
51
What is the remainder when 143 is divided by 40?
23
What is the remainder when 3129 is divided by 63?
42
What is the remainder when 1074 is divided by 23?
16
Calculate the remainder when 1057 is divided by 20.
17
What is the remainder when 359 is divided by 6?
5
What is the remainder when 1243 is divided by 89?
86
What is the remainder when 1176 is divided by 11?
10
What is the remainder when 589 is divided by 59?
58
What is the remainder when 1895 is divided by 6?
5
Calculate the remainder when 548 is divided by 229.
90
Calculate the remainder when 6223 is divided by 15.
13
Calculate the remainder when 80 is divided by 13.
2
What is the remainder when 164 is divided by 35?
24
What is the remainder when 5449 is divided by 10?
9
Calculate the remainder when 299 is divided by 10.
9
What is the remainder when 72 is divided by 37?
35
What is the remainder when 906 is divided by 452?
2
Calculate the remainder when 136 is divided by 25.
11
Calculate the remainder when 57 is divided by 24.
9
Calculate the remainder when 273 is divided by 70.
63
What is the remainder when 126 is divided by 10?
6
Calculate the remainder when 43 is divided by 35.
8
What is the remainder when 448 is divided by 79?
53
What is the remainder when 470 is divided by 115?
10
What is the remainder when 62 is divided by 37?
25
What is the remainder when 1004 is divided by 168?
164
Calculate the remainder when 1765 is divided by 52.
49
What is the remainder when 470 is divided by 164?
142
Calculate the remainder when 729 is divided by 122.
119
What is the remainder when 117 is divided by 15?
12
Calculate the remainder when 28 is divided by 13.
2
Calculate the remainder when 208 is divided by 53.
49
What is the remainder when 3655 is divided by 7?
1
Calculate the remainder when 20 is divided by 14.
6
Calculate the remainder when 279 is divided by 35.
34
What is the remainder when 2388 is divided by 63?
57
Calculate the remainder when 1762 is divided by 19.
14
Calculate the remainder when 3667 is divided by 72.
67
What is the remainder when 658 is divided by 10?
8
What is the remainder when 1486 is divided by 31?
29
Calculate the remainder when 174 is divided by 82.
10
What is the remainder when 830 is divided by 13?
11
What is the remainder when 338 is divided by 115?
108
What is the remainder when 23 is divided by 8?
7
What is the remainder when 439 is divided by 90?
79
What is the remainder when 230 is divided by 26?
22
Calculate the remainder when 1430 is divided by 205.
200
What is the remainder when 749 is divided by 54?
47
Calculate the remainder when 1778 is divided by 54.
50
What is the remainder when 272 is divided by 47?
37
What is the remainder when 594 is divided by 151?
141
Calculate the remainder when 273 is divided by 11.
9
Calculate the remainder when 270 is divided by 8.
6
Calculate the remainder when 927 is divided by 457.
13
What is the remainder when 365 is divided by 74?
69
Calculate the remainder when 571 is divided by 314.
257
Calculate the remainder when 2370 is divided by 268.
226
What is the remainder when 13963 is divided by 35?
33
Calculate the remainder when 134 is divided by 10.
4
Calculate the remainder when 122 is divided by 69.
53
Calculate the remainder when 1485 is divided by 113.
16
Calculate the remainder when 206 is divided by 55.
41
What is the remainder when 4075 is divided by 70?
15
Calculate the remainder when 4926 is divided by 308.
306
Calculate the remainder when 112 is divided by 51.
10
Calculate the remainder when 1047 is divided by 14.
11
What is the remainder when 2238 is divided by 9?
6
Calculate the remainder when 158 is divided by 80.
78
Calculate the remainder when 95 is divided by 3.
2
What is the remainder when 24 is divided by 14?
10
Calculate the remainder when 327 is divided by 79.
11
Calculate the remainder when 496 is divided by 35.
6
What is the remainder when 2592 is divided by 861?
9
Calculate the remainder when 12 is divided by 5.
2
What is the remainder when 17279 is divided by 24?
23
What is the remainder when 8271 is divided by 188?
187
What is the remainder when 490 is divided by 74?
46
What is the remainder when 2661 is divided by 72?
69
What is the remainder when 215 is divided by 25?
15
What is the remainder when 2290 is divided by 23?
13
What is the remainder when 301 is divided by 41?
14
Calculate the remainder when 631 is divided by 322.
309
Calculate the remainder when 1708 is divided b